
In base 15, what is -357 + -6d6c1?
-6da28
In base 6, what is 4 - 3244212454?
-3244212450
In base 12, what is 1189a7 + 17?
118a02
In base 4, what is 311213 - -130300?
1102113
In base 16, what is -3b + -5e715c?
-5e7197
In base 12, what is -897 + 634?
-263
In base 7, what is 44 - -13430364?
13430441
In base 14, what is -13973ac + 1?
-13973ab
In base 11, what is 78a3 - -246?
8039
In base 4, what is 13233200 - -132210?
20032010
In base 15, what is 437 - -4bdc?
5124
In base 7, what is 35613 - 25512?
10101
In base 9, what is -4 + 463645?
463641
In base 16, what is -1f + 23cf66?
23cf47
In base 7, what is -3 + 116343005?
116343002
In base 16, what is -14965 - -8?
-1495d
In base 16, what is 25219 + 116?
2532f
In base 10, what is 47928 + 21703?
69631
In base 11, what is 667 + -5957?
-52a0
In base 16, what is -3ebfd + -34?
-3ec31
In base 12, what is -10b5 - 4013?
-5108
In base 9, what is -66634 + 327?
-66306
In base 13, what is 2 - 16c2b37?
-16c2b35
In base 3, what is 10110121 - 1001220211?
-221110020
In base 7, what is -13 + 1316216435?
1316216422
In base 16, what is 120cb91 - -1a?
120cbab
In base 11, what is 256 + -1352767?
-1352511
In base 11, what is 6 + -1a4955a?
-1a49554
In base 8, what is -4 - 3100130?
-3100134
In base 15, what is -5 + 3bab30?
3bab2a
In base 5, what is -4034 - -3021022?
3011433
In base 8, what is -3250646 + 114?
-3250532
In base 6, what is -51344535 + -224?
-51345203
In base 4, what is 3102011310302 - 2?
3102011310300
In base 13, what is -c - -27b66?
27b57
In base 5, what is 23243 - 3203?
20040
In base 10, what is 1 + 2688988?
2688989
In base 3, what is -1021210221112 + -21?
-1021210221210
In base 7, what is 23 + -56466106?
-56466053
In base 11, what is -55206 + -14994?
-6a09a
In base 2, what is -101 - -1011011011110000010001001?
1011011011110000010000100
In base 3, what is -1022002 + -102211200102?
-102212222111
In base 10, what is -52 - 904665?
-904717
In base 8, what is 12373 - -6764?
21357
In base 11, what is -1a72 - 22026?
-23a98
In base 2, what is 110001101100010010001 + 100001?
110001101100010110010
In base 6, what is -5 - 1025113043?
-1025113052
In base 11, what is 0 + 13034a?
13034a
In base 4, what is 3120212 - 3222232?
-102020
In base 13, what is 18 - 31b2c?
-31b14
In base 4, what is 220033 - -1120230?
2000323
In base 2, what is 1101 - 1001101011101010100001?
-1001101011101010010100
In base 6, what is -435 - 2505423?
-2510302
In base 5, what is 4 + -20120440312?
-20120440303
In base 2, what is 1010100 + 1010101000000101?
1010101001011001
In base 9, what is 12336 + -62085?
-48648
In base 8, what is 12 + 2644637?
2644651
In base 10, what is 135552 - -2538?
138090
In base 2, what is 100101 - 110100001111111000?
-110100001111010011
In base 15, what is 3d1 - -2583?
2964
In base 6, what is -23451322 + 23?
-23451255
In base 5, what is 2 - 21214412343?
-21214412341
In base 16, what is 5 - 4ae640?
-4ae63b
In base 7, what is 16626 + 2102552?
2122511
In base 3, what is -2020100211 + -1220121?
-2022021102
In base 13, what is -661361 - -50?
-661311
In base 11, what is 7022 - 1140?
5992
In base 14, what is -505c + -41a?
-5478
In base 7, what is 1332 - 10054213?
-10052551
In base 8, what is -5 + 15443463?
15443456
In base 10, what is 159 - -8948?
9107
In base 7, what is -3455320 + 31?
-3455256
In base 9, what is -1176571 - -87?
-1176473
In base 16, what is 20e + -855d6?
-853c8
In base 4, what is -3 + -1000020210223?
-1000020210232
In base 7, what is -234200060 + 2?
-234200055
In base 13, what is 1869 + 2a743?
2c2ac
In base 3, what is 10211 - -1212010121?
1212021102
In base 5, what is -1402 - -120401143?
120344241
In base 7, what is 3 - 33242636?
-33242633
In base 3, what is 221 - -1010022022201?
1010022100122
In base 16, what is 4ea79 + 3c?
4eab5
In base 10, what is -57 - -295513?
295456
In base 5, what is 1302222232 + 10?
1302222242
In base 6, what is 10352134 + 344?
10352522
In base 5, what is 13431412 - 2?
13431410
In base 9, what is 56421847 - 0?
56421847
In base 8, what is 100 - -176346?
176446
In base 2, what is -111101 - 1001001001010011011100?
-1001001001010100011001
In base 11, what is 1572 + 7612?
9084
In base 11, what is a928 + -21568?
-11740
In base 10, what is -1 + -9184297?
-9184298
In base 2, what is 111011011010101 - -101010001110?
1000000101100011
In base 6, what is 135211 - -345405?
525020
In base 16, what is 2c2 + -90782?
-904c0
In base 16, what is e + 17960?
1796e
In base 4, what is -10123 + -12033021123?
-12033031312
In base 2, what is 111011101001 - -110000011?
1000001101100
In base 16, what is a + 2aa79f?
2aa7a9
In base 9, what is -4 + -67542670?
-67542674
In base 16, what is -58ef + dd?
-5812
In base 16, what is 3 - -1d1267?
1d126a
In base 6, what is 45345 + 22545?
112334
In base 12, what is 1b90 + -1597?
5b5
In base 12, what is -318 - 93920?
-94038
In base 13, what is 3a7cc - 41?
3a78b
In base 5, what is 0 - 100434424344?
-100434424344
In base 12, what is 8 - -107280b?
1072817
In base 6, what is 3250400 - -4410?
3255210
In base 12, what is -9 + 33279?
33270
In base 7, what is -2454304 + 6?
-2454265
In base 3, what is -2220212220220 + -22010?
-2220220020000
In base 13, what is 0 - 6757c?
-6757c
In base 6, what is -30 - -3043201?
3043131
In base 11, what is -56 - -29a763?
29a708
In base 3, what is -100 - 2200210122012?
-2200210122112
In base 13, what is -3b7a - -a551?
66a4
In base 5, what is -1323 + 3242041?
3240213
In base 3, what is 120122202221 - 1000?
120122201221
In base 10, what is 823156 + -11?
823145
In base 4, what is 31233 - 300310?
-203011
In base 5, what is -134 + 31413330320?
31413330131
In base 2, what is 11 - 1000010101110100100000011000?
-1000010101110100100000010101
In base 7, what is 4556 - 1552340?
-1544451
In base 14, what is 1699 + 1765?
3020
In base 11, what is 1748058 - -5?
1748062
In base 15, what is -37d6 - -bda?
-2aeb
In base 4, what is 3 + 22031111030233?
22031111030302
In base 12, what is -11 + -1549b24?
-1549b35
In base 13, what is -1055a37 - -6?
-1055a31
In base 6, what is -1200310005 - 4?
-1200310013
In base 12, what is -54421 + -168?
-54589
In base 13, what is 0 - -140c4c8?
140c4c8
In base 13, what is -c + baa53?
baa44
In base 6, what is -214532 - -1500?
-213032
In base 6, what is -224 + 550150?
545522
In base 10, what is -149 + -603401?
-603550
In base 10, what is 7967601 + 190?
7967791
In base 4, what is 111300222 - 21?
111300201
In base 11, what is -8 - 46265153?
-46265160
In base 6, what is -45330 - 100033?
-145403
In base 13, what is 11 + 238414?
238425
In base 6, what is 10123424415 - 1?
10123424414
In base 7, what is 65143 + -6624?
55216
In base 8, what is 643 + 77121?
77764
In base 16, what is -2acbc + f3?
-2abc9
In base 3, what is 200 + -221101102012002?
-221101102011102
In base 10, what is 110347 + 168?
110515
In base 11, what is -90481202a + 3?
-904812027
In base 16, what is 33fea8 + 2?
33feaa
In base 4, what is -11 - -133221130322?
133221130311
In base 7, what is 5 - 15062510?
-15062502
In base 4, what is -103023 - -32020?
-11003
In base 4, what is -3312212011033 - 0?
-3312212011033
In base 8, what is -13 - 10340627?
-10340642
In base 6, what is 1351 + -212234?
-210443
In base 14, what is 16b6510 + -1?
16b650d
In base 16, what is 92def - b0?
92d3f
In base 8, what is -35370010 - -5?
-35370003
In base 11, what is 11 + 5117739?
511774a
In base 16, what is 3 + ca25bb3?
ca25bb6
In base 16, what is 2fe + -72aa?
-6fac
In base 16, what is -16ae8f - -1b?
-16ae74
In base 14, what is -9488 - 109?
-9593
In base 6, what is -2355254 + -1134?
-2400432
In base 14, what is -18 + -3dbb5?
-3dbcd
In base 9, what is 1 - -22601344?
22601345
In base 4, what is -11 + 20323220020?
20323220003
In base 3, what is -2022100001 + 222111?
-2021100120
In base 16, what is 9 - -e41d8?
e41e1
In base 12, what is b5 + -2345404?
-234530b
In base 12, what is 212a39 + 5a?
212a97
In base 3, what is -112120112100 - -1021?
-112120111002
In base 2, what is 1110110000101110111000001001 + -11?
1110110000101110111000000110
In base 6, what is -41054 - -310454?
225400
In base 16, what is -4 - e0eede?
-e0eee2
In base 7, what is 222 - -10134100?
10134322
In base 7, what is -120366314 - -1?
-120366313
In base 8, what is 15416571 - 0?
15416571
In base 5, what is 2232 - -1220103?
1222340
In base 7, what is -4222131 - 